uppose -z*f + 3*d + 166 = 0, -149 = -f - 3*f - 3*d. What is the greatest common factor of f and 10?
5
Let m(u) = -20*u - 499. Let q be m(0). Let b = q + 711. Calculate the highest common factor of b and 4.
4
Suppose 0 = o + 2*b - 68, -2*o + 95 = -4*b - 57. Suppose 4*t - 160 = 3*t - 5*l, 0 = -3*t + 4*l + 556. Calculate the highest common divisor of t and o.
36
Suppose -b + 2*b + 2*r + 49 = 0, -2*b = 5*r + 103. Let n = -17 - b. Let g = -6 + n. What is the highest common divisor of 64 and g?
16
Let s = 5356 + -5055. What is the greatest common factor of s and 43?
43
Let f be (-4)/(-7) - (3 + (-409)/7). Suppose -h + f = 32. What is the greatest common divisor of h and 6?
6
Let q be (-1)/(-16 - 21903/(-1369)). What is the highest common divisor of q and 481?
37
Let b = -618 - -824. Calculate the highest common divisor of b and 2.
2
Let h = -104 - -354. What is the highest common factor of 30 and h?
10
Suppose 46*m + 88 = 68*m. Let h(w) = -6*w - 4. Let i(p) = 7*p + 4. Let z(j) = -6*h(j) - 4*i(j). Let s be z(3). What is the highest common divisor of s and m?
4
Suppose 0 = 2*a + 8, 3*f - 5*a = f + 22. Let v be ((-330)/220)/(6/(-124)). Calculate the highest common divisor of v and f.
1
Let g = 183 + -172. Let l(d) = -d**3 - 5*d**2 + 9*d + 9. Let j = 25 - 32. Let y be l(j). Calculate the highest common factor of g and y.
11
Let n be (3/(-3) + -1)/(-10 - 32543/(-3255)). Calculate the greatest common factor of n and 10.
10
Let a be 18*(7 - (27/(-6))/(-9)*-100). What is the highest common divisor of 1482 and a?
114
Suppose 51*i + 276 - 1806 = 0. What is the greatest common factor of i and 2430?
30
Let u = 31 - -5. Suppose -q + u = 8*q. Suppose 9*p - q*p = 60. Calculate the greatest common divisor of p and 132.
12
Suppose 0*o + i - 252 = -5*o, 4*i = -o + 58. What is the highest common factor of o and 1325?
25
Suppose -2804 + 523 = 47*w - 23995. Calculate the greatest common divisor of w and 966.
42
Suppose -6*m = -4*c - m - 7, -4*m + 12 = 0. Let w = 14121 + -14116. Suppose k + 1 = 5, 58 = w*z + c*k. What is the greatest common divisor of z and 50?
10
Let q(a) = -2*a**3 + 37*a**2 - 11*a - 356. Let w be q(17). What is the greatest common factor of w and 60?
12
Let l(s) = -s + 7. Let o be l(4). Suppose -3*x = -o*n + 51, -3*n - n + 82 = 3*x. Let b be (-3)/12 + (-154)/(-8). What is the highest common factor of n and b?
19
Let j be (678/9 - 2)*18/15. Let r be (j/(-44))/(1/(-148)). Calculate the greatest common divisor of 16 and r.
8
Suppose 26*s - 24*s = 5*v + 1005, -3*s + v + 1514 = 0. Calculate the greatest common factor of s and 1212.
101
Let r be ((-15)/6*-2)/((-1)/1). Let v(z) = -z - 3. Let i be v(r). Suppose 3*l = -4*f + 6 - 1, i*f = -3*l + 1. What is the highest common factor of 18 and f?
2
Suppose 2*q + q + c = 9, 4*c + 16 = q. Let i = 7 + q. Let g(l) = -l**3 + 45*l**2 - 87*l + 44. Let d be g(43). What is the greatest common divisor of i and d?
1
Suppose 0 = -4*u + 4*k + 160, -47*u + 3*k - 100 = -49*u. What is the highest common factor of 946 and u?
22
Let k(c) = 31*c + 252. Let p be k(-8). Let o be (-19)/(-4)*(p - 3 - -23). Calculate the greatest common factor of o and 399.
57
Suppose i - 46*i = -6*i - 1911. Calculate the highest common factor of i and 3.
1
Let m be 3/(13 + -1) + (-5270)/(-40). Let n be m - -7 - 2 - (1 + 1). What is the greatest common factor of n and 5?
5
Suppose 0 = 14*t - 40 - 30. Let i be (-8 + 3)/1*(-14)/t. Suppose 50 = 8*x - i. Calculate the greatest common factor of x and 32.
8
Let h(z) = -2*z**3 + 11*z**2 + 3*z - 29. Let q be h(5). Suppose 7*n - 1170 = -q*n. What is the highest common divisor of n and 247?
13
Let s(x) = -x**3 - x**2 - x + 9. Let k be s(0). Let j = -201 - -849. Suppose -133*w = -141*w + j. What is the highest common divisor of w and k?
9
Let t be 2/19 - (-904260)/1330. Let o = -496 + t. Calculate the greatest common factor of o and 23.
23
Let m(q) = 6*q**2 - 12*q - 6. Let u be m(-3). Suppose 9 = -4*v + 69. Let i = v + -3. What is the greatest common factor of i and u?
12
Let f(y) = -23*y + 1925. Let q be f(83). What is the highest common divisor of q and 5648?
16
Let f be (((-64)/(-20))/(-4))/(24/(-720)). What is the greatest common factor of f and 822?
6
Suppose 12*i - 16 = 16*i. Let r = 52 - i. Calculate the greatest common divisor of 14 and r.
14
Let c = 3493 - -1367. Calculate the greatest common factor of c and 20.
20
Let i(l) = 2*l + 7*l**2 - 12*l**2 + 7*l**2 + 5 + 4*l**2 - l**3. Let h be i(6). What is the greatest common factor of h and 2?
1
Suppose -5*m = -5*n + 70, 5*n - 7*m - 77 = -9*m. Suppose 4*i + 107 = 5*s, -4*i + 21 + 24 = 3*s. Let f = s - n. Calculate the greatest common divisor of 8 and f.
4
Suppose -17*c = -2*x - 15*c - 2, 3*x + 5*c - 21 = 0. Suppose -2*g + 242 = -4*s, -5*g + 2*s = -x*g - 355. Calculate the highest common divisor of 108 and g.
9
Let i = -7 - -13. Suppose 2*z - 38 = 2*t - i*t, z + 8 = t. What is the highest common divisor of t and 99?
9
Let a(z) = z**3 - 109*z**2 + 215*z + 388. Let n be a(107). What is the highest common divisor of 1305 and n?
45
Suppose 0 = 4*d - 4*x - 268, 4*d - 76*x = -77*x + 298. Calculate the highest common divisor of 10731 and d.
73
Suppose -2*a = -4*s + 104, 50*a = s + 37*a + 24. Calculate the greatest common factor of s and 892.
4
Let a be ((-12720)/160)/((-2)/4). Suppose -2*k - 3*y + 32 = -37, -4*k + y + a = 0. What is the greatest common factor of 39 and k?
39
Let q be 36/5 - 3/15. Suppose o + q - 27 = 3*v, -3*o - 3*v + 60 = 0. Let f = -51 - -71. Calculate the greatest common divisor of o and f.
20
Let r(p) = 7*p**2 - 132*p + 419. Let u be r(16). Let i(q) = -4*q**3 + 2*q**2 - 2*q. Let g be i(-3). What is the greatest common divisor of g and u?
33
Suppose 30 = -4*s - 5*i - 260, -235 = 3*s - 5*i. Let z be 4/3 + (-125)/s. Let h = 3 + -2. Calculate the highest common divisor of z and h.
1
Let k = -1 + 47. Suppose 0 = 4*s - 4*w - 544, -4*s + 3*w + 546 = -0*s. Calculate the greatest common factor of k and s.
46
Let o = 2 - -18. Suppose -4*s = 5*g - 37, -g - 4 + 12 = s. Suppose s*v - d - 172 = 11, -9 = 3*d. What is the greatest common factor of o and v?
20
Let n(p) = 0*p - 149 - p - 73*p + 177*p. Let y be n(3). Let k be (-486)/(-15) - (-2)/(-5). What is the greatest common factor of y and k?
32
Let j(p) be the third derivative of 1/60*p**5 + 0 - 5/3*p**3 - 1/24*p**4 + 0*p - 43*p**2. Let r be j(4). What is the greatest common factor of r and 34?
2
Let i(s) = -s**2 - 38*s + 85. Let d be i(-40). Suppose 2*b = -d*b + 840. What is the greatest common divisor of 280 and b?
40
Let t be (-20)/(-4) + 1130 - (12 - 16). Calculate the greatest common divisor of t and 134.
67
Suppose -o + 5*k = -156, 3*o + 87 - 500 = 4*k. Suppose -6 = 5*p + 614. Let u = p + o. What is the highest common factor of 14 and u?
7
Let d(w) = -4*w - 3. Let l be d(0). Let h be (50/(-16) - l/24) + 17. Let g = h + -2. Calculate the highest common factor of 4 and g.
4
Suppose t + 3 = 2*t - 2*i, 4*i = -4*t. Suppose -39*j + 536 = -31*j. What is the greatest common factor of t and j?
1
Let l = -793 + 809. What is the highest common divisor of 1208 and l?
8
Let o = -164 + 73. Let b = 129 - o. Calculate the greatest common divisor of 20 and b.
20
Let d be 6/(-2) + 30/10. Let x be (d + 4)*(10 + (9 - 17)). Calculate the highest common factor of x and 664.
8
Suppose -5*f + 330 = 3*r, -r + 141 = 2*f + 29. Calculate the highest common factor of r and 7300.
100
Suppose 0 = 65*v + 81*v - 6424. Calculate the highest common factor of v and 1606.
22
Suppose -11*a - 5675 = -8425. Let t(b) = b**3 + 2*b + 10. Let l be t(0). What is the greatest common factor of l and a?
10
Suppose 2*t - 114 = m, -606*t + 2*m + 63 = -605*t. What is the greatest common factor of t and 13321?
11
Let k = 6554 + -6552. Calculate the greatest common divisor of 1458 and k.
2
Let a be ((-175)/(-42) + 1)*(310 + -28). What is the greatest common factor of 235 and a?
47
Let c(m) = 5*m**2 - 53*m - 2442. Let f be c(-20). Calculate the greatest common factor of 3811 and f.
103
Let d(q) = 13 - 68 - 5*q + 4*q**2 + 8*q. Let b be d(-15). Suppose z + 9*z = b. What is the highest common divisor of 5 and z?
5
Let m = -26 - -16. Let h be (-87)/(-5) - 6/m. Let u be -6 + 2 + 3/2 + 4606/28. Calculate the greatest common divisor of u and h.
18
Suppose 1308